isor of 369203 and 191?
191
What is the greatest common factor of 132 and 165352?
44
What is the greatest common factor of 13024 and 48?
16
What is the greatest common factor of 26967 and 3939?
303
What is the highest common divisor of 1551 and 4636973?
517
What is the greatest common divisor of 6748 and 392?
28
Calculate the greatest common factor of 91152 and 6352.
16
Calculate the highest common factor of 21 and 4274739.
21
Calculate the highest common factor of 106624 and 882.
98
What is the greatest common divisor of 8195 and 5335?
55
Calculate the greatest common factor of 343007 and 342.
19
Calculate the greatest common factor of 177516 and 1044.
36
What is the greatest common divisor of 22944 and 192?
96
Calculate the highest common divisor of 2352 and 2163.
21
What is the greatest common divisor of 2594280 and 312?
312
Calculate the highest common divisor of 2 and 162479.
1
Calculate the highest common divisor of 13491 and 36.
9
Calculate the greatest common divisor of 1053 and 11414.
13
Calculate the greatest common divisor of 29961 and 9.
9
Calculate the highest common factor of 129955 and 658.
329
What is the highest common factor of 637 and 13?
13
Calculate the greatest common factor of 10309560 and 15.
15
Calculate the highest common factor of 3262 and 22.
2
What is the highest common factor of 34977 and 26967?
267
Calculate the greatest common factor of 71973 and 66.
33
Calculate the greatest common factor of 1750 and 1673.
7
What is the highest common factor of 2441 and 5?
1
What is the highest common factor of 401817 and 13?
13
Calculate the greatest common divisor of 38915 and 1032.
43
Calculate the greatest common factor of 1394 and 2278.
34
Calculate the highest common divisor of 7955240 and 80.
40
What is the highest common factor of 1108 and 26869?
277
Calculate the highest common factor of 82590 and 15.
15
Calculate the greatest common factor of 121 and 18612220.
121
What is the greatest common divisor of 1984563 and 981?
981
What is the highest common factor of 16724 and 36556?
148
What is the highest common factor of 27295 and 530?
265
Calculate the greatest common factor of 2488494 and 787.
787
Calculate the greatest common divisor of 11104 and 253310.
694
What is the highest common factor of 10488 and 12673?
437
What is the highest common factor of 5841 and 413?
59
What is the greatest common divisor of 2304 and 99?
9
What is the highest common factor of 25 and 8838675?
25
What is the highest common divisor of 391 and 5899?
17
Calculate the greatest common factor of 26535 and 40745.
145
What is the highest common divisor of 103344 and 624?
48
Calculate the greatest common factor of 2268 and 91224.
252
What is the highest common divisor of 1425 and 2732295?
285
What is the greatest common divisor of 4532 and 68332?
44
What is the greatest common factor of 153239 and 1569?
523
What is the greatest common divisor of 264 and 49080?
24
What is the greatest common divisor of 1269 and 6533?
47
Calculate the highest common divisor of 1659120 and 15.
15
What is the greatest common divisor of 656 and 80656?
16
What is the greatest common factor of 7120 and 1344?
16
What is the highest common factor of 110 and 730?
10
Calculate the greatest common factor of 232850 and 450.
50
What is the greatest common divisor of 10074 and 8322?
438
Calculate the highest common factor of 20582 and 8785.
251
Calculate the highest common factor of 528285 and 30.
15
What is the highest common factor of 266 and 19494?
38
What is the greatest common factor of 68172 and 494?
494
What is the greatest common factor of 152971 and 1456?
91
Calculate the greatest common divisor of 387108 and 18.
18
Calculate the greatest common factor of 6104 and 97776.
56
Calculate the greatest common factor of 2486 and 135826.
226
What is the highest common factor of 1000 and 2056400?
200
What is the highest common factor of 269496 and 38?
38
Calculate the highest common factor of 50947 and 923.
13
What is the greatest common divisor of 152 and 53067?
19
Calculate the highest common divisor of 902 and 2288.
22
Calculate the greatest common factor of 30956 and 568.
284
What is the highest common divisor of 169279 and 33?
11
What is the highest common factor of 379100 and 1870?
170
What is the highest common divisor of 8260 and 12460?
140
Calculate the greatest common factor of 18 and 375687.
9
What is the greatest common factor of 4 and 709?
1
What is the highest common divisor of 1269 and 312597?
423
Calculate the highest common divisor of 3 and 284778.
3
What is the greatest common divisor of 45 and 192510?
45
What is the highest common factor of 360 and 44820?
180
Calculate the highest common factor of 884 and 30628.
52
Calculate the highest common factor of 74140 and 440.
220
What is the greatest common factor of 62842 and 598?
26
Calculate the highest common divisor of 870 and 5423.
29
What is the greatest common divisor of 3300 and 3675?
75
Calculate the greatest common divisor of 44 and 7104240.
44
Calculate the highest common factor of 15 and 577215.
15
What is the highest common divisor of 19581 and 14640?
183
What is the highest common divisor of 8143 and 29219?
479
Calculate the highest common factor of 211544 and 2232.
248
What is the highest common factor of 5892 and 432?
12
What is the greatest common divisor of 49868 and 1820?
364
What is the greatest common factor of 202501 and 325?
13
Calculate the greatest common factor of 5772 and 5402.
74
What is the highest common factor of 519 and 10207?
173
Calculate the greatest common divisor of 190 and 34276.
38
What is the greatest common factor of 2358 and 138598?
262
What is the greatest common divisor of 1360 and 243160?
40
What is the greatest common factor of 1916 and 966622?
958
Calculate the greatest common divisor of 24607 and 1100.
11
Calculate the highest common divisor of 321113 and 68.
17
Calculate the highest common factor of 117 and 366405.
39
Calculate the highest common divisor of 1710885 and 165.
165
Calculate the highest common divisor of 32392 and 256.
8
What is the highest common factor of 165 and 3528?
3
Calculate the highest common factor of 7289518 and 148.
74
What is the greatest common divisor of 11661540 and 660?
660
Calculate the highest common divisor of 26990 and 4.
2
Calculate the greatest common factor of 103896 and 468.
468
What is the greatest common divisor of 401 and 100651?
401
What is the greatest common divisor of 838 and 1606027?
419
Calculate the highest common factor of 15 and 46685.
5
Calculate the greatest common divisor of 62641 and 74.
37
Calculate the highest common divisor of 16171 and 99538.
157
Calculate the greatest common divisor of 63 and 9468.
9
Calculate the greatest common factor of 333 and 5983011.
333
Calculate the greatest common divisor of 1155 and 85855.
385
What is the greatest common divisor of 10449 and 890487?
1161
What is the highest common divisor of 327 and 13389?
3
What is the highest common factor of 202 and 15958?
202
What is the greatest common factor of 50 and 170350?
50
What is the greatest common divisor of 2001 and 42717?
87
What is the highest common factor of 672 and 172536?
168
What is the highest common factor of 751 and 1845207?
751
What is the greatest common factor of 2144 and 15544?
536
Calculate the greatest common divisor of 20100 and 4525.
25
Calculate the greatest common divisor of 100 and 843100.
100
Calculate the highest common divisor of 1139 and 42143.
1139
Calculate the greatest common factor of 6290 and 111350.
170
What is the greatest common factor of 27 and 41457?
3
Calculate the highest common factor of 10060 and 15.
5
What is the highest common factor of 244 and 9882?
122
What is the greatest common divisor of 1869 and 248399?
89
What is the highest common divisor of 25608 and 264?
264
What is the greatest common divisor of 24 and 5838528?
24
Calculate the highest common factor of 707535 and 405.
405
What is the greatest common factor of 810 and 356670?
270
What is the greatest common divisor of 3042 and 4878?
18
What is the greatest common divisor of 620 and 184?
4
Calculate the highest common divisor of 648 and 6168.
24
What is the greatest common divisor of 97546 and 102?
34
Calculate the highest common div